{"id":482,"date":"2021-06-23T09:57:12","date_gmt":"2021-06-23T14:57:12","guid":{"rendered":"https:\/\/quitobowlingclub.com\/reservabolos\/?page_id=482"},"modified":"2026-03-09T19:25:43","modified_gmt":"2026-03-10T00:25:43","slug":"a-tomar-en-cuenta","status":"publish","type":"page","link":"https:\/\/quitobowlingclub.com\/reservabolos\/a-tomar-en-cuenta\/","title":{"rendered":"Pol\u00edticas de Reserva"},"content":{"rendered":"\n<p><a href=\"https:\/\/quitobowlingclub.com\/reservabolos\/tienda\/\">Volver atr\u00e1s<\/a><\/p>\n\n\n\n<p>1.- Todas las reservas tiene un <strong>cargo \u00fanico de USD 10.00<\/strong> debido al tiempo muerto que cada pista necesita para ser preparada y por ende no puede ser utilizada por otros clientes. Este es el costo del beneficio que tiene el cliente de evitar la espera y poder disfrutar al m\u00e1ximo y optimizando su tiempo.<\/p>\n\n\n\n<p>2.- Toda reserva debe ser realizada m\u00ednimo con <strong>24 horas de anticipaci\u00f3n<\/strong>.<\/p>\n\n\n\n<p>3.- Se permite las reservas para un m\u00e1ximo <strong>de 5 personas por pista<\/strong>. Si desea reservar para un grupo de <strong>m\u00e1s personas<\/strong>, debe reservar varias pistas. El sistema le permite seleccionar hasta 6 pistas por rango de horas.<\/p>\n\n\n\n<p>4.- Se recomienda <strong>llegar m\u00ednimo con 15 minutos de anticipaci\u00f3n a la reserva<\/strong> para asignaci\u00f3n de pistas y zapatos. El sistema empieza a contar autom\u00e1ticamente a la hora reservada, por lo que en caso de atraso el cliente podr\u00e1 utilizar solamente el tiempo sobrante.<\/p>\n\n\n\n<p>5.- Una vez terminado el tiempo de reserva y si el cliente desea seguir jugando tendr\u00e1 que anotarse en la lista de espera en caso de ser necesario. Por esta raz\u00f3n se recomienda realizar la reserva por tiempo adicional ya que usualmente es necesario jugar m\u00e1s de una hora.<\/p>\n\n\n\n<p>6.- Una vez registrado o realizada la reserva por favor verifica tu correo para las respectivas confirmaciones. Tambi\u00e9n puedes <strong>revisar la carpeta de spam<\/strong> en caso de no estar en tu buz\u00f3n de entrada.<\/p>\n\n\n\n<h4 class=\"wp-block-heading\">Reembolsos<\/h4>\n\n\n\n<p>El pago de la reserva no es reembolsable. Por tanto, no se realizar\u00e1 ning\u00fan tipo de reembolso.<\/p>\n\n\n\n<p><a href=\"https:\/\/quitobowlingclub.com\/reservabolos\/tienda\/\" data-type=\"page\" data-id=\"6\">Volver atr\u00e1s<\/a><\/p>\n","protected":false},"excerpt":{"rendered":"<p>Volver atr\u00e1s 1.- Todas las reservas tiene un cargo \u00fanico de USD 10.00 debido al tiempo muerto que cada pista necesita para ser preparada y por ende no puede ser utilizada por otros clientes. Este es el costo del beneficio que tiene el cliente de evitar la espera y poder disfrutar al m\u00e1ximo y optimizando [&hellip;]<\/p>\n","protected":false},"author":1,"featured_media":0,"parent":0,"menu_order":0,"comment_status":"closed","ping_status":"closed","template":"templates\/template-page-full-width.php","meta":{"footnotes":""},"class_list":["post-482","page","type-page","status-publish","hentry"],"_links":{"self":[{"href":"https:\/\/quitobowlingclub.com\/reservabolos\/wp-json\/wp\/v2\/pages\/482","targetHints":{"allow":["GET"]}}],"collection":[{"href":"https:\/\/quitobowlingclub.com\/reservabolos\/wp-json\/wp\/v2\/pages"}],"about":[{"href":"https:\/\/quitobowlingclub.com\/reservabolos\/wp-json\/wp\/v2\/types\/page"}],"author":[{"embeddable":true,"href":"https:\/\/quitobowlingclub.com\/reservabolos\/wp-json\/wp\/v2\/users\/1"}],"replies":[{"embeddable":true,"href":"https:\/\/quitobowlingclub.com\/reservabolos\/wp-json\/wp\/v2\/comments?post=482"}],"version-history":[{"count":6,"href":"https:\/\/quitobowlingclub.com\/reservabolos\/wp-json\/wp\/v2\/pages\/482\/revisions"}],"predecessor-version":[{"id":2897,"href":"https:\/\/quitobowlingclub.com\/reservabolos\/wp-json\/wp\/v2\/pages\/482\/revisions\/2897"}],"wp:attachment":[{"href":"https:\/\/quitobowlingclub.com\/reservabolos\/wp-json\/wp\/v2\/media?parent=482"}],"curies":[{"name":"wp","href":"https:\/\/api.w.org\/{rel}","templated":true}]}}